{"id":7823,"date":"2022-07-15T10:49:25","date_gmt":"2022-07-15T10:49:25","guid":{"rendered":"https:\/\/rumco.es\/projectes\/nova-vida-per-a-una-casa-sense-perdre-lessencia-de-la-seva-epoca\/"},"modified":"2024-11-19T17:42:01","modified_gmt":"2024-11-19T17:42:01","slug":"nueva-vida-para-una-casa-sin-perder-la-esencia-de-su-epoca","status":"publish","type":"projectes","link":"https:\/\/rumco.es\/es\/proyectos\/nueva-vida-para-una-casa-sin-perder-la-esencia-de-su-epoca\/","title":{"rendered":"Nueva vida para una casa sin perder la esencia de su \u00e9poca"},"content":{"rendered":"\n<p>En esta casa del centro de Terrassa nos encargaron una reforma integral, ya que la familia de 6 personas ten\u00eda unas necesidades que requer\u00edan realizar muchos cambios.<\/p>\n\n\n\n<p>Los propietarios de esta casa nos pidieron una reforma integral sin perder la esencia de la casa: construcci\u00f3n t\u00edpica de los a\u00f1os 50, techos altos, molduras, arcadas en los pasillos, escaleras con curvatura, etc.<\/p>\n\n\n\n<p>Hemos intentado mantener esa esencia cl\u00e1sica, pero actualizando los espacios en la vida actual.<\/p>\n\n\n\n<p>La cocina, comedor y sala de estar se han colocado en la planta superior, ya que es ah\u00ed donde tenemos la terraza. Eliminamos todas las paredes y se ha hecho un espacio abierto y di\u00e1fano de la cocina, comedor y sala de estar, consiguiendo que cada elemento tenga su espacio diferenciado a pesar de estar en uno com\u00fan. <\/p>\n\n\n\n<p>Aquesta planta gaudeix de molta llum gr\u00e0cies a la gran quantitat de finestres i gr\u00e0cies a la claraboia que es va fer sobre l&#8217;escala per donar llum tant a aquesta planta com a la inferior. En aquesta casa podr\u00edem dir que el centre neur\u00e0lgic \u00e9s l&#8217;escala. Element que hem volgut destacar, ja que \u00e9s el nostre enlla\u00e7 amb anys anteriors i \u00e9s el punt comunicador amb tots els espais. <\/p>\n\n\n\n<p>En la planta inferior encontramos los dormitorios y el despacho. La habitaci\u00f3n principal consta de vestuario, tocador, dormitorio y ba\u00f1o. En \u00e9ste quisimos dar un toque elegante trat\u00e1ndolo con tonos beige y negro.  <\/p>\n\n\n\n<p>Todo el mobiliario de la casa ha sido cuidadosamente dise\u00f1ado y hecho a la medida.<\/p>\n\n\n\n<p>Ha sido un placer llevar a cabo este trabajo, tanto por el placer de ver el resultado de un trabajo muy elaborado, como por la inmejorable relaci\u00f3n mantenida con los clientes.<\/p>\n","protected":false},"featured_media":3000,"template":"","meta":{"_mi_skip_tracking":false,"_monsterinsights_sitenote_active":false,"_monsterinsights_sitenote_note":"","_monsterinsights_sitenote_category":0,"site-sidebar-layout":"default","site-content-layout":"","ast-site-content-layout":"default","site-content-style":"default","site-sidebar-style":"default","ast-global-header-display":"","ast-banner-title-visibility":"","ast-main-header-display":"","ast-hfb-above-header-display":"","ast-hfb-below-header-display":"","ast-hfb-mobile-header-display":"","site-post-title":"","ast-breadcrumbs-content":"","ast-featured-img":"","footer-sml-layout":"","theme-transparent-header-meta":"","adv-header-id-meta":"","stick-header-meta":"","header-above-stick-meta":"","header-main-stick-meta":"","header-below-stick-meta":"","astra-migrate-meta-layouts":"set","ast-page-background-enabled":"default","ast-page-background-meta":{"desktop":{"background-color":"var(--ast-global-color-4)","background-image":"","background-repeat":"repeat","background-position":"center center","background-size":"auto","background-attachment":"scroll","background-type":"","background-media":"","overlay-type":"","overlay-color":"","overlay-opacity":"","overlay-gradient":""},"tablet":{"background-color":"","background-image":"","background-repeat":"repeat","background-position":"center center","background-size":"auto","background-attachment":"scroll","background-type":"","background-media":"","overlay-type":"","overlay-color":"","overlay-opacity":"","overlay-gradient":""},"mobile":{"background-color":"","background-image":"","background-repeat":"repeat","background-position":"center center","background-size":"auto","background-attachment":"scroll","background-type":"","background-media":"","overlay-type":"","overlay-color":"","overlay-opacity":"","overlay-gradient":""}},"ast-content-background-meta":{"desktop":{"background-color":"var(--ast-global-color-5)","background-image":"","background-repeat":"repeat","background-position":"center center","background-size":"auto","background-attachment":"scroll","background-type":"","background-media":"","overlay-type":"","overlay-color":"","overlay-opacity":"","overlay-gradient":""},"tablet":{"background-color":"var(--ast-global-color-5)","background-image":"","background-repeat":"repeat","background-position":"center center","background-size":"auto","background-attachment":"scroll","background-type":"","background-media":"","overlay-type":"","overlay-color":"","overlay-opacity":"","overlay-gradient":""},"mobile":{"background-color":"var(--ast-global-color-5)","background-image":"","background-repeat":"repeat","background-position":"center center","background-size":"auto","background-attachment":"scroll","background-type":"","background-media":"","overlay-type":"","overlay-color":"","overlay-opacity":"","overlay-gradient":""}}},"categoria-projectes":[31,30],"yoast_head":"<!-- This site is optimized with the Yoast SEO plugin v21.3 - https:\/\/yoast.com\/wordpress\/plugins\/seo\/ -->\n<title>Nueva vida para una casa sin perder la esencia de su \u00e9poca - Rumco<\/title>\n<meta name=\"robots\" content=\"index, follow, max-snippet:-1, max-image-preview:large, max-video-preview:-1\" \/>\n<link rel=\"canonical\" href=\"https:\/\/rumco.es\/es\/proyectos\/nueva-vida-para-una-casa-sin-perder-la-esencia-de-su-epoca\/\" \/>\n<meta property=\"og:locale\" content=\"es_ES\" \/>\n<meta property=\"og:type\" content=\"article\" \/>\n<meta property=\"og:title\" content=\"Nueva vida para una casa sin perder la esencia de su \u00e9poca - Rumco\" \/>\n<meta property=\"og:description\" content=\"En esta casa del centro de Terrassa nos encargaron una reforma integral, ya que la familia de 6 personas ten\u00eda [&hellip;]\" \/>\n<meta property=\"og:url\" content=\"https:\/\/rumco.es\/es\/proyectos\/nueva-vida-para-una-casa-sin-perder-la-esencia-de-su-epoca\/\" \/>\n<meta property=\"og:site_name\" content=\"Rumco\" \/>\n<meta property=\"article:modified_time\" content=\"2024-11-19T17:42:01+00:00\" \/>\n<meta property=\"og:image\" content=\"https:\/\/rumco.es\/wp-content\/uploads\/2022\/07\/1_ruminteriors_reforma_bany-1.jpg\" \/>\n\t<meta property=\"og:image:width\" content=\"1932\" \/>\n\t<meta property=\"og:image:height\" content=\"1288\" \/>\n\t<meta property=\"og:image:type\" content=\"image\/jpeg\" \/>\n<meta name=\"twitter:card\" content=\"summary_large_image\" \/>\n<meta name=\"twitter:label1\" content=\"Tiempo de lectura\" \/>\n\t<meta name=\"twitter:data1\" content=\"2 minutos\" \/>\n<script type=\"application\/ld+json\" class=\"yoast-schema-graph\">{\"@context\":\"https:\/\/schema.org\",\"@graph\":[{\"@type\":\"WebPage\",\"@id\":\"https:\/\/rumco.es\/es\/proyectos\/nueva-vida-para-una-casa-sin-perder-la-esencia-de-su-epoca\/\",\"url\":\"https:\/\/rumco.es\/es\/proyectos\/nueva-vida-para-una-casa-sin-perder-la-esencia-de-su-epoca\/\",\"name\":\"Nueva vida para una casa sin perder la esencia de su \u00e9poca - Rumco\",\"isPartOf\":{\"@id\":\"https:\/\/rumco.es\/#website\"},\"datePublished\":\"2022-07-15T10:49:25+00:00\",\"dateModified\":\"2024-11-19T17:42:01+00:00\",\"breadcrumb\":{\"@id\":\"https:\/\/rumco.es\/es\/proyectos\/nueva-vida-para-una-casa-sin-perder-la-esencia-de-su-epoca\/#breadcrumb\"},\"inLanguage\":\"es\",\"potentialAction\":[{\"@type\":\"ReadAction\",\"target\":[\"https:\/\/rumco.es\/es\/proyectos\/nueva-vida-para-una-casa-sin-perder-la-esencia-de-su-epoca\/\"]}]},{\"@type\":\"BreadcrumbList\",\"@id\":\"https:\/\/rumco.es\/es\/proyectos\/nueva-vida-para-una-casa-sin-perder-la-esencia-de-su-epoca\/#breadcrumb\",\"itemListElement\":[{\"@type\":\"ListItem\",\"position\":1,\"name\":\"Home\",\"item\":\"https:\/\/rumco.es\/es\/\"},{\"@type\":\"ListItem\",\"position\":2,\"name\":\"Projectes\",\"item\":\"https:\/\/rumco.es\/projectes\/\"},{\"@type\":\"ListItem\",\"position\":3,\"name\":\"Nueva vida para una casa sin perder la esencia de su \u00e9poca\"}]},{\"@type\":\"WebSite\",\"@id\":\"https:\/\/rumco.es\/#website\",\"url\":\"https:\/\/rumco.es\/\",\"name\":\"Rumco\",\"description\":\"\",\"publisher\":{\"@id\":\"https:\/\/rumco.es\/#organization\"},\"potentialAction\":[{\"@type\":\"SearchAction\",\"target\":{\"@type\":\"EntryPoint\",\"urlTemplate\":\"https:\/\/rumco.es\/?s={search_term_string}\"},\"query-input\":\"required name=search_term_string\"}],\"inLanguage\":\"es\"},{\"@type\":\"Organization\",\"@id\":\"https:\/\/rumco.es\/#organization\",\"name\":\"Rumco\",\"url\":\"https:\/\/rumco.es\/\",\"logo\":{\"@type\":\"ImageObject\",\"inLanguage\":\"es\",\"@id\":\"https:\/\/rumco.es\/#\/schema\/logo\/image\/\",\"url\":\"https:\/\/rumco.es\/wp-content\/uploads\/2023\/02\/logo-rumco-white-no-lema.svg\",\"contentUrl\":\"https:\/\/rumco.es\/wp-content\/uploads\/2023\/02\/logo-rumco-white-no-lema.svg\",\"caption\":\"Rumco\"},\"image\":{\"@id\":\"https:\/\/rumco.es\/#\/schema\/logo\/image\/\"}}]}<\/script>\n<!-- \/ Yoast SEO plugin. -->","yoast_head_json":{"title":"Nueva vida para una casa sin perder la esencia de su \u00e9poca - Rumco","robots":{"index":"index","follow":"follow","max-snippet":"max-snippet:-1","max-image-preview":"max-image-preview:large","max-video-preview":"max-video-preview:-1"},"canonical":"https:\/\/rumco.es\/es\/proyectos\/nueva-vida-para-una-casa-sin-perder-la-esencia-de-su-epoca\/","og_locale":"es_ES","og_type":"article","og_title":"Nueva vida para una casa sin perder la esencia de su \u00e9poca - Rumco","og_description":"En esta casa del centro de Terrassa nos encargaron una reforma integral, ya que la familia de 6 personas ten\u00eda [&hellip;]","og_url":"https:\/\/rumco.es\/es\/proyectos\/nueva-vida-para-una-casa-sin-perder-la-esencia-de-su-epoca\/","og_site_name":"Rumco","article_modified_time":"2024-11-19T17:42:01+00:00","og_image":[{"width":1932,"height":1288,"url":"https:\/\/rumco.es\/wp-content\/uploads\/2022\/07\/1_ruminteriors_reforma_bany-1.jpg","type":"image\/jpeg"}],"twitter_card":"summary_large_image","twitter_misc":{"Tiempo de lectura":"2 minutos"},"schema":{"@context":"https:\/\/schema.org","@graph":[{"@type":"WebPage","@id":"https:\/\/rumco.es\/es\/proyectos\/nueva-vida-para-una-casa-sin-perder-la-esencia-de-su-epoca\/","url":"https:\/\/rumco.es\/es\/proyectos\/nueva-vida-para-una-casa-sin-perder-la-esencia-de-su-epoca\/","name":"Nueva vida para una casa sin perder la esencia de su \u00e9poca - Rumco","isPartOf":{"@id":"https:\/\/rumco.es\/#website"},"datePublished":"2022-07-15T10:49:25+00:00","dateModified":"2024-11-19T17:42:01+00:00","breadcrumb":{"@id":"https:\/\/rumco.es\/es\/proyectos\/nueva-vida-para-una-casa-sin-perder-la-esencia-de-su-epoca\/#breadcrumb"},"inLanguage":"es","potentialAction":[{"@type":"ReadAction","target":["https:\/\/rumco.es\/es\/proyectos\/nueva-vida-para-una-casa-sin-perder-la-esencia-de-su-epoca\/"]}]},{"@type":"BreadcrumbList","@id":"https:\/\/rumco.es\/es\/proyectos\/nueva-vida-para-una-casa-sin-perder-la-esencia-de-su-epoca\/#breadcrumb","itemListElement":[{"@type":"ListItem","position":1,"name":"Home","item":"https:\/\/rumco.es\/es\/"},{"@type":"ListItem","position":2,"name":"Projectes","item":"https:\/\/rumco.es\/projectes\/"},{"@type":"ListItem","position":3,"name":"Nueva vida para una casa sin perder la esencia de su \u00e9poca"}]},{"@type":"WebSite","@id":"https:\/\/rumco.es\/#website","url":"https:\/\/rumco.es\/","name":"Rumco","description":"","publisher":{"@id":"https:\/\/rumco.es\/#organization"},"potentialAction":[{"@type":"SearchAction","target":{"@type":"EntryPoint","urlTemplate":"https:\/\/rumco.es\/?s={search_term_string}"},"query-input":"required name=search_term_string"}],"inLanguage":"es"},{"@type":"Organization","@id":"https:\/\/rumco.es\/#organization","name":"Rumco","url":"https:\/\/rumco.es\/","logo":{"@type":"ImageObject","inLanguage":"es","@id":"https:\/\/rumco.es\/#\/schema\/logo\/image\/","url":"https:\/\/rumco.es\/wp-content\/uploads\/2023\/02\/logo-rumco-white-no-lema.svg","contentUrl":"https:\/\/rumco.es\/wp-content\/uploads\/2023\/02\/logo-rumco-white-no-lema.svg","caption":"Rumco"},"image":{"@id":"https:\/\/rumco.es\/#\/schema\/logo\/image\/"}}]}},"_links":{"self":[{"href":"https:\/\/rumco.es\/es\/wp-json\/wp\/v2\/projectes\/7823"}],"collection":[{"href":"https:\/\/rumco.es\/es\/wp-json\/wp\/v2\/projectes"}],"about":[{"href":"https:\/\/rumco.es\/es\/wp-json\/wp\/v2\/types\/projectes"}],"version-history":[{"count":4,"href":"https:\/\/rumco.es\/es\/wp-json\/wp\/v2\/projectes\/7823\/revisions"}],"predecessor-version":[{"id":7828,"href":"https:\/\/rumco.es\/es\/wp-json\/wp\/v2\/projectes\/7823\/revisions\/7828"}],"wp:featuredmedia":[{"embeddable":true,"href":"https:\/\/rumco.es\/es\/wp-json\/wp\/v2\/media\/3000"}],"wp:attachment":[{"href":"https:\/\/rumco.es\/es\/wp-json\/wp\/v2\/media?parent=7823"}],"wp:term":[{"taxonomy":"categoria-projectes","embeddable":true,"href":"https:\/\/rumco.es\/es\/wp-json\/wp\/v2\/categoria-projectes?post=7823"}],"curies":[{"name":"wp","href":"https:\/\/api.w.org\/{rel}","templated":true}]}}

Nueva vida para una casa sin perder la esencia de su época

<p>En esta casa del centro de Terrassa nos encargaron una reforma integral, ya que la familia de 6 personas tenía unas necesidades que requerían realizar muchos cambios.</p>



<p>Los propietarios de esta casa nos pidieron una reforma integral sin perder la esencia de la casa: construcción típica de los años 50, techos altos, molduras, arcadas en los pasillos, escaleras con curvatura, etc.</p>



<p>Hemos intentado mantener esa esencia clásica, pero actualizando los espacios en la vida actual.</p>



<p>La cocina, comedor y sala de estar se han colocado en la planta superior, ya que es ahí donde tenemos la terraza. Eliminamos todas las paredes y se ha hecho un espacio abierto y diáfano de la cocina, comedor y sala de estar, consiguiendo que cada elemento tenga su espacio diferenciado a pesar de estar en uno común. </p>



<p>Aquesta planta gaudeix de molta llum gràcies a la gran quantitat de finestres i gràcies a la claraboia que es va fer sobre l&#8217;escala per donar llum tant a aquesta planta com a la inferior. En aquesta casa podríem dir que el centre neuràlgic és l&#8217;escala. Element que hem volgut destacar, ja que és el nostre enllaç amb anys anteriors i és el punt comunicador amb tots els espais. </p>



<p>En la planta inferior encontramos los dormitorios y el despacho. La habitación principal consta de vestuario, tocador, dormitorio y baño. En éste quisimos dar un toque elegante tratándolo con tonos beige y negro.  </p>



<p>Todo el mobiliario de la casa ha sido cuidadosamente diseñado y hecho a la medida.</p>



<p>Ha sido un placer llevar a cabo este trabajo, tanto por el placer de ver el resultado de un trabajo muy elaborado, como por la inmejorable relación mantenida con los clientes.</p>

<!-- This site is optimized with the Yoast SEO plugin v21.3 - https://yoast.com/wordpress/plugins/seo/ -->
<title>Nueva vida para una casa sin perder la esencia de su época - Rumco</title>
<meta name="robots" content="index, follow, max-snippet:-1, max-image-preview:large, max-video-preview:-1" />
<link rel="canonical" href="https://rumco.es/es/proyectos/nueva-vida-para-una-casa-sin-perder-la-esencia-de-su-epoca/" />
<meta property="og:locale" content="es_ES" />
<meta property="og:type" content="article" />
<meta property="og:title" content="Nueva vida para una casa sin perder la esencia de su época - Rumco" />
<meta property="og:description" content="En esta casa del centro de Terrassa nos encargaron una reforma integral, ya que la familia de 6 personas tenía [&hellip;]" />
<meta property="og:url" content="https://rumco.es/es/proyectos/nueva-vida-para-una-casa-sin-perder-la-esencia-de-su-epoca/" />
<meta property="og:site_name" content="Rumco" />
<meta property="article:modified_time" content="2024-11-19T17:42:01+00:00" />
<meta property="og:image" content="https://rumco.es/wp-content/uploads/2022/07/1_ruminteriors_reforma_bany-1.jpg" />
	<meta property="og:image:width" content="1932" />
	<meta property="og:image:height" content="1288" />
	<meta property="og:image:type" content="image/jpeg" />
<meta name="twitter:card" content="summary_large_image" />
<meta name="twitter:label1" content="Tiempo de lectura" />
	<meta name="twitter:data1" content="2 minutos" />
<script type="application/ld+json" class="yoast-schema-graph">{"@context":"https://schema.org","@graph":[{"@type":"WebPage","@id":"https://rumco.es/es/proyectos/nueva-vida-para-una-casa-sin-perder-la-esencia-de-su-epoca/","url":"https://rumco.es/es/proyectos/nueva-vida-para-una-casa-sin-perder-la-esencia-de-su-epoca/","name":"Nueva vida para una casa sin perder la esencia de su época - Rumco","isPartOf":{"@id":"https://rumco.es/#website"},"datePublished":"2022-07-15T10:49:25+00:00","dateModified":"2024-11-19T17:42:01+00:00","breadcrumb":{"@id":"https://rumco.es/es/proyectos/nueva-vida-para-una-casa-sin-perder-la-esencia-de-su-epoca/#breadcrumb"},"inLanguage":"es","potentialAction":[{"@type":"ReadAction","target":["https://rumco.es/es/proyectos/nueva-vida-para-una-casa-sin-perder-la-esencia-de-su-epoca/"]}]},{"@type":"BreadcrumbList","@id":"https://rumco.es/es/proyectos/nueva-vida-para-una-casa-sin-perder-la-esencia-de-su-epoca/#breadcrumb","itemListElement":[{"@type":"ListItem","position":1,"name":"Home","item":"https://rumco.es/es/"},{"@type":"ListItem","position":2,"name":"Projectes","item":"https://rumco.es/projectes/"},{"@type":"ListItem","position":3,"name":"Nueva vida para una casa sin perder la esencia de su época"}]},{"@type":"WebSite","@id":"https://rumco.es/#website","url":"https://rumco.es/","name":"Rumco","description":"","publisher":{"@id":"https://rumco.es/#organization"},"potentialAction":[{"@type":"SearchAction","target":{"@type":"EntryPoint","urlTemplate":"https://rumco.es/?s={search_term_string}"},"query-input":"required name=search_term_string"}],"inLanguage":"es"},{"@type":"Organization","@id":"https://rumco.es/#organization","name":"Rumco","url":"https://rumco.es/","logo":{"@type":"ImageObject","inLanguage":"es","@id":"https://rumco.es/#/schema/logo/image/","url":"https://rumco.es/wp-content/uploads/2023/02/logo-rumco-white-no-lema.svg","contentUrl":"https://rumco.es/wp-content/uploads/2023/02/logo-rumco-white-no-lema.svg","caption":"Rumco"},"image":{"@id":"https://rumco.es/#/schema/logo/image/"}}]}</script>
<!-- / Yoast SEO plugin. -->

Nueva vida para una casa sin perder la esencia de su época - Rumco

En esta casa del centro de Terrassa nos encargaron una reforma integral, ya que la familia de 6 personas tenía [&hellip;]
